{"id":1835,"date":"2022-05-23T13:46:56","date_gmt":"2022-05-23T10:46:56","guid":{"rendered":"https:\/\/eserbsegumrukleme.com\/?page_id=1835"},"modified":"2022-05-23T13:46:56","modified_gmt":"2022-05-23T10:46:56","slug":"sigorta-hizmetleri","status":"publish","type":"page","link":"https:\/\/eserbsegumrukleme.com\/index.php\/hizmetlerimiz\/sigorta-hizmetleri\/","title":{"rendered":"Sigorta Hizmetleri"},"content":{"rendered":"<p>[vc_row][vc_column][vc_single_image image=&#8221;1487&#8243; img_size=&#8221;1280&#215;600&#8243;][vc_empty_space height=&#8221;10px&#8221;][vc_column_text]<\/p>\n<blockquote><p>M\u00fc\u015fterilerimize nakliyat, yang\u0131n, kasko ve trafik gibi bir\u00e7ok poli\u00e7eyi zaman kayb\u0131 yaratmadan d\u00fczenlemektedir.<\/p><\/blockquote>\n<h3>Sigorta Hizmetleri<\/h3>\n<p>ESER Bse G\u00fcmr\u00fck, tedarik zinciri y\u00f6netiminin \u00f6nemli bir s\u00fcrecini temsil eden g\u00fcmr\u00fckleme ve sigorta hizmetleri konusunda y\u0131llarca sekt\u00f6r\u00fcnde edindi\u011fi deneyim ile i\u015f ortaklar\u0131n\u0131n ithalat ve ihracat i\u015flemlerini g\u00fcvence alt\u0131nda tutuyor.<\/p>\n<p>Geli\u015fen T\u00fcrkiye ekonomisinde rekabetin \u00e7ok g\u00fc\u00e7l\u00fc oldu\u011fu ve her yeni g\u00fcnde teknolojiye ba\u011fl\u0131 olarak b\u00fcy\u00fcyen sekt\u00f6rde m\u00fc\u015fterilerimizin ihtiya\u00e7lar\u0131na kesin \u00e7\u00f6z\u00fcmler \u00fcreterek onlar\u0131 ma\u011fduriyetten koruyoruz.[\/vc_column_text][vc_empty_space height=&#8221;40px&#8221;][\/vc_column][\/vc_row]<\/p>\n","protected":false},"excerpt":{"rendered":"<p>[vc_row][vc_column][vc_single_image image=&#8221;1487&#8243; img_size=&#8221;1280&#215;600&#8243;][vc_empty_space height=&#8221;10px&#8221;][vc_column_text] M\u00fc\u015fterilerimize nakliyat, yang\u0131n, kasko ve trafik gibi bir\u00e7ok poli\u00e7eyi zaman kayb\u0131 yaratmadan d\u00fczenlemektedir. Sigorta Hizmetleri ESER Bse G\u00fcmr\u00fck, tedarik zinciri y\u00f6netiminin \u00f6nemli bir s\u00fcrecini temsil eden g\u00fcmr\u00fckleme ve sigorta hizmetleri konusunda y\u0131llarca sekt\u00f6r\u00fcnde edindi\u011fi deneyim ile i\u015f ortaklar\u0131n\u0131n ithalat ve ihracat i\u015flemlerini g\u00fcvence alt\u0131nda tutuyor. Geli\u015fen T\u00fcrkiye ekonomisinde rekabetin \u00e7ok g\u00fc\u00e7l\u00fc [&hellip;]<\/p>\n","protected":false},"author":1,"featured_media":0,"parent":16,"menu_order":0,"comment_status":"closed","ping_status":"closed","template":"","meta":{"footnotes":""},"class_list":["post-1835","page","type-page","status-publish","hentry"],"acf":[],"_links":{"self":[{"href":"https:\/\/eserbsegumrukleme.com\/index.php\/wp-json\/wp\/v2\/pages\/1835","targetHints":{"allow":["GET"]}}],"collection":[{"href":"https:\/\/eserbsegumrukleme.com\/index.php\/wp-json\/wp\/v2\/pages"}],"about":[{"href":"https:\/\/eserbsegumrukleme.com\/index.php\/wp-json\/wp\/v2\/types\/page"}],"author":[{"embeddable":true,"href":"https:\/\/eserbsegumrukleme.com\/index.php\/wp-json\/wp\/v2\/users\/1"}],"replies":[{"embeddable":true,"href":"https:\/\/eserbsegumrukleme.com\/index.php\/wp-json\/wp\/v2\/comments?post=1835"}],"version-history":[{"count":1,"href":"https:\/\/eserbsegumrukleme.com\/index.php\/wp-json\/wp\/v2\/pages\/1835\/revisions"}],"predecessor-version":[{"id":1836,"href":"https:\/\/eserbsegumrukleme.com\/index.php\/wp-json\/wp\/v2\/pages\/1835\/revisions\/1836"}],"up":[{"embeddable":true,"href":"https:\/\/eserbsegumrukleme.com\/index.php\/wp-json\/wp\/v2\/pages\/16"}],"wp:attachment":[{"href":"https:\/\/eserbsegumrukleme.com\/index.php\/wp-json\/wp\/v2\/media?parent=1835"}],"curies":[{"name":"wp","href":"https:\/\/api.w.org\/{rel}","templated":true}]}}