{"id":256,"date":"2017-10-02T02:53:18","date_gmt":"2017-10-02T02:53:18","guid":{"rendered":"http:\/\/eserbsegumrukleme.com\/\/?page_id=256"},"modified":"2022-05-23T13:35:22","modified_gmt":"2022-05-23T10:35:22","slug":"transit-tasima-eser-bse","status":"publish","type":"page","link":"https:\/\/eserbsegumrukleme.com\/index.php\/hizmetlerimiz\/transit-tasima-eser-bse\/","title":{"rendered":"Transit \u0130\u015flemleri"},"content":{"rendered":"<p>[vc_row][vc_column][vc_single_image image=&#8221;1797&#8243; img_size=&#8221;1280&#215;600&#8243;][vc_empty_space height=&#8221;10px&#8221;][vc_column_text]<\/p>\n<blockquote><p>Eser BSE her m\u00fc\u015fterisi i\u00e7in \u00f6zel bir temsilci belirler ve transit i\u015flemlerinizi ba\u015f\u0131ndan sonuna kadar bu temsilci y\u00fcr\u00fct\u00fcr.<\/p><\/blockquote>\n<h3>Transit \u0130\u015flemleri<\/h3>\n<p>Avrupa \u00dclkeleri, Orta Do\u011fu ve Asya \u00dclkelerine g\u00f6nderilen y\u00fcklerin T\u00fcrkiye\u2019nin her liman\u0131ndan ve her demiryolu istasyonlar\u0131ndan transit ta\u015f\u0131malar\u0131n\u0131 h\u0131zl\u0131 ve g\u00fcvenli bir \u015fekilde ger\u00e7ekle\u015ftirmektedir.[\/vc_column_text][vc_empty_space height=&#8221;40px&#8221;][\/vc_column][\/vc_row]<\/p>\n","protected":false},"excerpt":{"rendered":"<p>[vc_row][vc_column][vc_single_image image=&#8221;1797&#8243; img_size=&#8221;1280&#215;600&#8243;][vc_empty_space height=&#8221;10px&#8221;][vc_column_text] Eser BSE her m\u00fc\u015fterisi i\u00e7in \u00f6zel bir temsilci belirler ve transit i\u015flemlerinizi ba\u015f\u0131ndan sonuna kadar bu temsilci y\u00fcr\u00fct\u00fcr. Transit \u0130\u015flemleri Avrupa \u00dclkeleri, Orta Do\u011fu ve Asya \u00dclkelerine g\u00f6nderilen y\u00fcklerin T\u00fcrkiye\u2019nin her liman\u0131ndan ve her demiryolu istasyonlar\u0131ndan transit ta\u015f\u0131malar\u0131n\u0131 h\u0131zl\u0131 ve g\u00fcvenli bir \u015fekilde ger\u00e7ekle\u015ftirmektedir.[\/vc_column_text][vc_empty_space height=&#8221;40px&#8221;][\/vc_column][\/vc_row]<\/p>\n","protected":false},"author":1,"featured_media":0,"parent":16,"menu_order":0,"comment_status":"closed","ping_status":"closed","template":"","meta":{"footnotes":""},"class_list":["post-256","page","type-page","status-publish","hentry"],"acf":[],"_links":{"self":[{"href":"https:\/\/eserbsegumrukleme.com\/index.php\/wp-json\/wp\/v2\/pages\/256","targetHints":{"allow":["GET"]}}],"collection":[{"href":"https:\/\/eserbsegumrukleme.com\/index.php\/wp-json\/wp\/v2\/pages"}],"about":[{"href":"https:\/\/eserbsegumrukleme.com\/index.php\/wp-json\/wp\/v2\/types\/page"}],"author":[{"embeddable":true,"href":"https:\/\/eserbsegumrukleme.com\/index.php\/wp-json\/wp\/v2\/users\/1"}],"replies":[{"embeddable":true,"href":"https:\/\/eserbsegumrukleme.com\/index.php\/wp-json\/wp\/v2\/comments?post=256"}],"version-history":[{"count":3,"href":"https:\/\/eserbsegumrukleme.com\/index.php\/wp-json\/wp\/v2\/pages\/256\/revisions"}],"predecessor-version":[{"id":1831,"href":"https:\/\/eserbsegumrukleme.com\/index.php\/wp-json\/wp\/v2\/pages\/256\/revisions\/1831"}],"up":[{"embeddable":true,"href":"https:\/\/eserbsegumrukleme.com\/index.php\/wp-json\/wp\/v2\/pages\/16"}],"wp:attachment":[{"href":"https:\/\/eserbsegumrukleme.com\/index.php\/wp-json\/wp\/v2\/media?parent=256"}],"curies":[{"name":"wp","href":"https:\/\/api.w.org\/{rel}","templated":true}]}}