{"id":268,"date":"2017-10-02T02:55:41","date_gmt":"2017-10-02T02:55:41","guid":{"rendered":"http:\/\/eserbsegumrukleme.com\/\/?page_id=268"},"modified":"2022-05-23T13:27:37","modified_gmt":"2022-05-23T10:27:37","slug":"havayolu-tasimaciligi","status":"publish","type":"page","link":"https:\/\/eserbsegumrukleme.com\/index.php\/hizmetlerimiz\/havayolu-tasimaciligi\/","title":{"rendered":"Havayolu Ta\u015f\u0131mac\u0131l\u0131\u011f\u0131"},"content":{"rendered":"<p>[vc_row][vc_column][vc_single_image image=&#8221;1824&#8243; img_size=&#8221;1280&#215;600&#8243;][vc_empty_space height=&#8221;10px&#8221;][vc_column_text]<\/p>\n<h3><strong>Havayolu Ta\u015f\u0131mac\u0131l\u0131\u011f\u0131<\/strong><\/h3>\n<p>Minimum kargodan charter u\u00e7ak y\u00fcklemelerinize kadar t\u00fcm hava yolu ta\u015f\u0131mac\u0131l\u0131\u011f\u0131 ihtiya\u00e7lar\u0131n\u0131za yer garantisi ve ekonomik navlunlar sa\u011flayarak size \u00f6zel butik hizmet.<\/p>\n<p>Avrupa\u2019dan Asya\u2019ya \u00e7ok geni\u015f bir co\u011frafyada entegre lojistik hizmeti vermekten gururluyuz.[\/vc_column_text][vc_empty_space height=&#8221;40px&#8221;][\/vc_column][\/vc_row]<\/p>\n","protected":false},"excerpt":{"rendered":"<p>[vc_row][vc_column][vc_single_image image=&#8221;1824&#8243; img_size=&#8221;1280&#215;600&#8243;][vc_empty_space height=&#8221;10px&#8221;][vc_column_text] Havayolu Ta\u015f\u0131mac\u0131l\u0131\u011f\u0131 Minimum kargodan charter u\u00e7ak y\u00fcklemelerinize kadar t\u00fcm hava yolu ta\u015f\u0131mac\u0131l\u0131\u011f\u0131 ihtiya\u00e7lar\u0131n\u0131za yer garantisi ve ekonomik navlunlar sa\u011flayarak size \u00f6zel butik hizmet. Avrupa\u2019dan Asya\u2019ya \u00e7ok geni\u015f bir co\u011frafyada entegre lojistik hizmeti vermekten gururluyuz.[\/vc_column_text][vc_empty_space height=&#8221;40px&#8221;][\/vc_column][\/vc_row]<\/p>\n","protected":false},"author":1,"featured_media":0,"parent":16,"menu_order":0,"comment_status":"closed","ping_status":"closed","template":"","meta":{"footnotes":""},"class_list":["post-268","page","type-page","status-publish","hentry"],"acf":[],"_links":{"self":[{"href":"https:\/\/eserbsegumrukleme.com\/index.php\/wp-json\/wp\/v2\/pages\/268","targetHints":{"allow":["GET"]}}],"collection":[{"href":"https:\/\/eserbsegumrukleme.com\/index.php\/wp-json\/wp\/v2\/pages"}],"about":[{"href":"https:\/\/eserbsegumrukleme.com\/index.php\/wp-json\/wp\/v2\/types\/page"}],"author":[{"embeddable":true,"href":"https:\/\/eserbsegumrukleme.com\/index.php\/wp-json\/wp\/v2\/users\/1"}],"replies":[{"embeddable":true,"href":"https:\/\/eserbsegumrukleme.com\/index.php\/wp-json\/wp\/v2\/comments?post=268"}],"version-history":[{"count":6,"href":"https:\/\/eserbsegumrukleme.com\/index.php\/wp-json\/wp\/v2\/pages\/268\/revisions"}],"predecessor-version":[{"id":1826,"href":"https:\/\/eserbsegumrukleme.com\/index.php\/wp-json\/wp\/v2\/pages\/268\/revisions\/1826"}],"up":[{"embeddable":true,"href":"https:\/\/eserbsegumrukleme.com\/index.php\/wp-json\/wp\/v2\/pages\/16"}],"wp:attachment":[{"href":"https:\/\/eserbsegumrukleme.com\/index.php\/wp-json\/wp\/v2\/media?parent=268"}],"curies":[{"name":"wp","href":"https:\/\/api.w.org\/{rel}","templated":true}]}}